79?
97
Calculate the highest common factor of 16 and 12.
4
What is the greatest common factor of 224 and 8?
8
Calculate the greatest common factor of 122 and 4.
2
Calculate the greatest common divisor of 12 and 318.
6
What is the greatest common factor of 3379 and 310?
31
Calculate the highest common factor of 2944 and 128.
128
What is the highest common factor of 8343 and 81?
81
What is the highest common divisor of 720 and 20?
20
Calculate the highest common divisor of 49 and 231.
7
Calculate the highest common factor of 32 and 1312.
32
Calculate the highest common divisor of 1044 and 812.
116
Calculate the highest common divisor of 1111 and 11.
11
What is the highest common divisor of 7168 and 70?
14
Calculate the greatest common factor of 225 and 125.
25
What is the highest common factor of 16 and 2?
2
What is the highest common divisor of 2080 and 39?
13
What is the highest common factor of 60 and 7580?
20
What is the highest common factor of 138 and 14398?
46
Calculate the highest common divisor of 380 and 3705.
95
Calculate the greatest common factor of 4815 and 180.
45
Calculate the greatest common divisor of 265 and 5.
5
What is the greatest common factor of 459 and 486?
27
What is the greatest common divisor of 1311 and 1863?
69
Calculate the greatest common factor of 126 and 182.
14
Calculate the greatest common divisor of 2128 and 336.
112
Calculate the greatest common divisor of 329 and 47.
47
What is the highest common factor of 117 and 65?
13
Calculate the greatest common divisor of 621 and 81.
27
Calculate the greatest common divisor of 63 and 171.
9
What is the highest common divisor of 415 and 498?
83
What is the greatest common divisor of 399 and 63?
21
Calculate the highest common divisor of 229 and 23129.
229
What is the highest common factor of 37 and 16?
1
Calculate the highest common factor of 44 and 99.
11
Calculate the greatest common factor of 34 and 3604.
34
What is the highest common divisor of 966 and 92?
46
Calculate the greatest common factor of 92 and 253.
23
Calculate the greatest common factor of 34 and 2482.
34
What is the highest common divisor of 9 and 288?
9
What is the highest common factor of 42896 and 8?
8
What is the greatest common factor of 2556 and 72?
36
Calculate the greatest common factor of 437 and 207.
23
Calculate the highest common divisor of 16 and 416.
16
What is the greatest common divisor of 58 and 87?
29
What is the highest common factor of 252 and 108?
36
What is the highest common divisor of 57 and 114?
57
What is the highest common factor of 39 and 3497?
13
Calculate the highest common factor of 34 and 153.
17
What is the greatest common factor of 232 and 290?
58
What is the greatest common divisor of 948 and 108?
12
What is the greatest common factor of 22284 and 36?
36
What is the greatest common factor of 180 and 4460?
20
What is the highest common factor of 75 and 6?
3
Calculate the greatest common factor of 470 and 94.
94
What is the greatest common factor of 465 and 93?
93
What is the highest common divisor of 208 and 884?
52
Calculate the greatest common factor of 132 and 946.
22
Calculate the greatest common divisor of 257 and 5.
1
Calculate the greatest common factor of 243 and 27.
27
Calculate the highest common factor of 7 and 1169.
7
Calculate the highest common divisor of 6 and 657.
3
Calculate the greatest common divisor of 222 and 54.
6
Calculate the highest common factor of 44 and 65692.
44
Calculate the highest common divisor of 40 and 50.
10
Calculate the greatest common factor of 28 and 10.
2
What is the greatest common divisor of 2976 and 832?
32
Calculate the highest common divisor of 63 and 171.
9
What is the highest common divisor of 56 and 21?
7
Calculate the greatest common factor of 46 and 230.
46
What is the greatest common factor of 28 and 21?
7
What is the highest common divisor of 81 and 9?
9
Calculate the greatest common factor of 140 and 105.
35
Calculate the greatest common divisor of 93 and 2883.
93
Calculate the greatest common divisor of 1591 and 37.
37
What is the greatest common factor of 1690 and 35?
5
Calculate the greatest common factor of 88 and 121.
11
Calculate the greatest common factor of 3781 and 38.
19
Calculate the highest common factor of 166 and 7802.
166
Calculate the greatest common divisor of 27 and 27.
27
Calculate the greatest common divisor of 2037 and 42.
21
What is the greatest common factor of 3653 and 52?
13
Calculate the greatest common factor of 231 and 651.
21
Calculate the highest common divisor of 119828 and 116.
116
Calculate the highest common divisor of 4736 and 407.
37
Calculate the highest common divisor of 92 and 322.
46
What is the greatest common divisor of 285 and 19?
19
What is the highest common factor of 404 and 20?
4
What is the greatest common divisor of 9 and 33?
3
What is the highest common divisor of 46 and 2507?
23
Calculate the highest common factor of 50 and 775.
25
Calculate the greatest common divisor of 18 and 54.
18
Calculate the highest common divisor of 44 and 253.
11
Calculate the greatest common divisor of 3024 and 18.
18
Calculate the greatest common factor of 517 and 11.
11
Calculate the highest common divisor of 3150 and 28.
14
Calculate the greatest common divisor of 6 and 375.
3
Calculate the highest common divisor of 558 and 62.
62
Calculate the highest common divisor of 5974 and 58.
58
What is the greatest common divisor of 5983 and 31?
31
Calculate the greatest common factor of 534 and 14774.
178
Calculate the greatest common divisor of 92 and 253.
23
What is the greatest common divisor of 6 and 158?
2
What is the highest common divisor of 1149 and 3?
3
Calculate the highest common divisor of 105 and 462.
21
What is the highest common divisor of 8853 and 195?
39
Calculate the highest common divisor of 675 and 81.
27
Calculate the highest common factor of 75 and 1110.
15
Calculate the greatest common divisor of 242 and 1089.
121
What is the highest common divisor of 1517 and 41?
41
What is the greatest common divisor of 10281 and 69?
69
What is the highest common factor of 54 and 7344?
54
Calculate the highest common factor of 403 and 91.
13
Calculate the greatest common divisor of 7 and 2611.
7
What is the highest common divisor of 29 and 42572?
29
What is the highest common factor of 900 and 252?
36
Calculate the highest common factor of 605 and 440.
55
What is the greatest common factor of 350 and 707?
7
Calculate the greatest common divisor of 789 and 9.
3
Calculate the highest common divisor of 17869 and 107.
107
Calculate the highest common divisor of 258 and 19221.
129
What is the highest common divisor of 782 and 272?
34
What is the greatest common divisor of 9 and 106?
1
Calculate the highest common divisor of 11825 and 165.
55
Calculate the highest common factor of 798 and 168.
42
What is the highest common factor of 25 and 1475?
25
What is the greatest common divisor of 896 and 8?
8
Calculate the greatest common factor of 172 and 16.
4
What is the highest common factor of 1704 and 192?
24
What is the highest common divisor of 171 and 38?
19
What is the greatest common divisor of 129 and 215?
43
Calculate the greatest common factor of 18 and 4878.
18
What is the highest common factor of 19293 and 531?
177
Calculate the greatest common factor of 225 and 175.
25
Calculate the highest common factor of 11912 and 24.
8
Calculate the greatest common factor of 1845 and 180.
45
What is the greatest common factor of 342 and 360?
18
What is the highest common factor of 16 and 880?
16
Calculate the highest common divisor of 9 and 2007.
9
What is the highest common divisor of 23 and 32?
1
Calculate the greatest common divisor of 246 and 27962.
82
Calculate the greatest common divisor of 26 and 61594.
26
Calculate the highest common factor of 1 and 641.
1
Calculate the greatest common divisor of 9450 and 56.
14
What is the highest common divisor of 18 and 126?
18
Calculate the greatest common factor of 78 and 11284.
26
What is the highest common factor of 9 and 2259?
9
What is the highest common factor of 132 and 852?
12
What is the greatest common divisor of 234 and 78?
78
Calculate the highest common divisor of 2431 and 91.
13
What is the greatest common divisor of 551 and 754?
29